1463?
3, 19, 3359
List the prime factors of 4482162.
2, 3, 83003
List the prime factors of 2598286.
2, 1299143
List the prime factors of 759423.
3, 7, 29, 43
List the prime factors of 269395.
5, 7, 43, 179
List the prime factors of 10064662.
2, 23, 218797
List the prime factors of 5726570.
2, 5, 572657
List the prime factors of 406230.
2, 3, 5, 11, 1231
What are the prime factors of 452171?
452171
What are the prime factors of 499361?
499361
What are the prime factors of 264533?
113, 2341
List the prime factors of 254446.
2, 29, 41, 107
What are the prime factors of 644386?
2, 322193
What are the prime factors of 146508?
2, 3, 29, 421
List the prime factors of 3354660.
2, 3, 5, 18637
List the prime factors of 1226598.
2, 3, 89, 2297
List the prime factors of 313552.
2, 19597
What are the prime factors of 147792?
2, 3, 3079
List the prime factors of 594853.
7, 84979
List the prime factors of 1502899.
907, 1657
List the prime factors of 1220733.
3, 135637
What are the prime factors of 460528?
2, 107, 269
List the prime factors of 521913.
3, 7, 29, 857
List the prime factors of 212163.
3, 7, 10103
What are the prime factors of 17305070?
2, 5, 1730507
What are the prime factors of 8331804?
2, 3, 13, 19, 937
List the prime factors of 11428184.
2, 233, 6131
What are the prime factors of 494248?
2, 61781
List the prime factors of 1283560.
2, 5, 32089
What are the prime factors of 1434303?
3, 13, 23, 41
List the prime factors of 11149008.
2, 3, 13, 17, 1051
List the prime factors of 82393.
82393
What are the prime factors of 642407?
642407
List the prime factors of 3763243.
11, 29, 47, 251
List the prime factors of 2064449.
2064449
List the prime factors of 398666.
2, 53, 3761
List the prime factors of 1731149.
7, 223, 1109
What are the prime factors of 13021887?
3, 23, 41, 4603
List the prime factors of 423094.
2, 7, 47, 643
List the prime factors of 3528371.
7, 11, 45823
What are the prime factors of 8525402?
2, 4262701
What are the prime factors of 311247?
3, 34583
List the prime factors of 531619.
11, 31, 1559
What are the prime factors of 707661?
3, 61, 1289
What are the prime factors of 144301?
113, 1277
List the prime factors of 1020570.
2, 3, 5, 34019
What are the prime factors of 1740942?
2, 3, 7, 41, 337
What are the prime factors of 23346?
2, 3, 1297
What are the prime factors of 2021583?
3, 71, 9491
List the prime factors of 21549744.
2, 3, 17, 8803
What are the prime factors of 486851?
439, 1109
What are the prime factors of 428089?
19, 22531
List the prime factors of 1078969.
197, 5477
What are the prime factors of 193936?
2, 17, 23, 31
What are the prime factors of 17689932?
2, 3, 13, 37799
What are the prime factors of 1060383?
3, 37, 41, 233
What are the prime factors of 2803?
2803
What are the prime factors of 239794?
2, 47, 2551
What are the prime factors of 283320?
2, 3, 5, 787
What are the prime factors of 360472?
2, 7, 41, 157
What are the prime factors of 531972?
2, 3, 7, 2111
What are the prime factors of 2050888?
2, 7, 53, 691
List the prime factors of 4765163.
13, 23, 15937
List the prime factors of 1475214.
2, 3, 13, 18913
List the prime factors of 1097582.
2, 548791
What are the prime factors of 9467491?
11, 19, 97, 467
What are the prime factors of 14790386?
2, 13, 619, 919
List the prime factors of 277968.
2, 3, 5791
List the prime factors of 131253.
3, 67, 653
List the prime factors of 195693.
3, 37, 41, 43
What are the prime factors of 3088538?
2, 37, 41737
What are the prime factors of 201207?
3, 47, 1427
List the prime factors of 1365041.
37, 79, 467
List the prime factors of 1116464.
2, 69779
List the prime factors of 6350588.
2, 17, 61, 1531
What are the prime factors of 259387?
259387
List the prime factors of 4174677.
3, 13, 31, 1151
List the prime factors of 636330.
2, 3, 5, 21211
List the prime factors of 379735.
5, 173, 439
What are the prime factors of 26525113?
151, 175663
What are the prime factors of 62928?
2, 3, 19, 23
List the prime factors of 10360593.
3, 1151177
List the prime factors of 240936.
2, 3, 10039
List the prime factors of 1904197.
223, 8539
List the prime factors of 10283795.
5, 2056759
What are the prime factors of 139017?
3, 149, 311
List the prime factors of 19653775.
5, 786151
What are the prime factors of 32607?
3, 3623
List the prime factors of 422077.
422077
List the prime factors of 47496.
2, 3, 1979
List the prime factors of 351984.
2, 3, 7333
What are the prime factors of 10553080?
2, 5, 263827
List the prime factors of 147579.
3, 49193
List the prime factors of 3905003.
3905003
List the prime factors of 960061.
43, 83, 269
What are the prime factors of 24172?
2, 6043
What are the prime factors of 437438?
2, 218719
What are the prime factors of 15623580?
2, 3, 5, 7, 37199
List the prime factors of 8134760.
2, 5, 47, 4327
List the prime factors of 17659476.
2, 3, 490541
List the prime factors of 9184733.
19, 483407
What are the prime factors of 4929794?
2, 2464897
List the prime factors of 739695.
3, 5, 11, 4483
List the prime factors of 20133926.
2, 10066963
List the prime factors of 16428716.
2, 23, 283, 631
List the prime factors of 238679.
7, 4871
List the prime factors of 2188488.
2, 3, 67, 1361
List the prime factors of 30206731.
30206731
What are the prime factors of 84362?
2, 42181
List the prime factors of 9435829.
13, 71, 10223
What are the prime factors of 2739290?
2, 5, 273929
List the prime factors of 82684.
2, 7, 2953
What are the prime factors of 186666?
2, 3, 53, 587
What are the prime factors of 51142?
2, 7, 13, 281
List the prime factors of 211154.
2, 71, 1487
What are the prime factors of 11194815?
3, 5, 523, 1427
What are the prime factors of 15902?
2, 7951
What are the prime factors of 4894266?
2, 3, 13, 17, 3691
What are the prime factors of 39021906?
2, 3, 7, 11, 84463
List the prime factors of 1951966.
2, 293, 3331
List the prime factors of 211678.
2, 109, 971
List the prime factors of 105455.
5, 7, 23, 131
List the prime factors of 4028580.
2, 3, 5, 22381
What are the prime factors of 1452970?
2, 5, 31, 43, 109
What are the prime factors of 5750558?
2, 11, 261389
What are the prime factors of 8904600?
2, 3, 5, 17, 97
What are the prime factors of 748548?
2, 3, 29, 239
List the prime factors of 18082.
2, 9041
What are the prime factors of 5845?
5, 7, 167
List the prime factors of 8990276.
2, 2247569
List the prime factors of 1698669.
3, 7, 59, 457
What are the prime factors of 12410439?
3, 19, 217727
What are the prime factors of 2653206?
2, 3, 442201
What are the prime factors of 4921414?
2, 2460707
List the prime factors of 947392.
2, 113, 131
List the prime factors of 607534.
2, 303767
What are the prime factors of 26842267?
283, 94849
List the prime factors of 1742627.
337, 5171
List the prime factors of 2433499.
17, 43, 3329
List the prime factors of 15208000.
2, 5, 1901
What are the prime factors of 274556?
2, 68639
What are the prime factors of 469069?
469069
List the prime factors of 477866.
2, 337, 709
List the prime factors of 14700693.
3, 7, 467, 1499
What are the prime factors of 4712898?
2, 3, 785483
List the prime factors of 104574.
2, 3, 29, 601
List the prime factors of 229585.
5, 17, 37, 73
List the prime factors of 278080.
2, 5, 11, 79
List the prime factors of 8181397.
7, 1168771
What are the prime factors of 228965?
5, 11, 23, 181
What are the prime factors of 3844497?
3, 643, 1993
List the prime factors of 11991032.
2, 157, 9547
What are the prime factors of 11290981?
13, 868537
List the prime factors of 5421642.
2, 3, 903607
What are the prime factors of 9276290?
2, 5, 927629
What are the prime factors of 10332174?
2, 3, 1722029
What are the prime factors of 967529?
967529
List the prime factors of 1069288.
2, 11, 29, 419
What are the prime factors of 9190928?
2, 574433
What are the prime factors of 17892826?
2, 7, 29, 44071
What are the prime factors of 3850593?
3, 701, 1831
What are the prime factors of 11419939?
29, 37, 367
What are the prime factors of 1563664?
2, 97729
List the prime factors of 94735.
5, 18947
List the prime factors of 214583.
59, 3637
What are the prime factors of 142649?
13, 10973
List the prime factors of 1264087.
11, 31, 337
What are the prime factors of 594694?
2, 17, 17491
What are the prime factors of 225